{"id":39,"date":"2023-01-07T19:33:54","date_gmt":"2023-01-07T19:33:54","guid":{"rendered":"http:\/\/customcanerods.dk\/?page_id=39"},"modified":"2023-01-27T17:24:41","modified_gmt":"2023-01-27T17:24:41","slug":"milton-special-se","status":"publish","type":"page","link":"https:\/\/customcanerods.dk\/svensk\/cane-se\/milton-special-se\/","title":{"rendered":"Milton-Special-SE"},"content":{"rendered":"\n<div class=\"wp-block-columns alignfull is-layout-flex wp-container-4 wp-block-columns-is-layout-flex\">\n<div class=\"wp-block-column is-layout-flow wp-block-column-is-layout-flow\"><\/div>\n\n\n\n<div class=\"wp-block-column is-layout-flow wp-block-column-is-layout-flow\">\n<p class=\"has-text-align-center has-secondary-color has-text-color has-x-large-font-size\" style=\"text-decoration:underline\"><strong>Milton Special<\/strong><\/p>\n<\/div>\n\n\n\n<div class=\"wp-block-column is-layout-flow wp-block-column-is-layout-flow\"><\/div>\n<\/div>\n\n\n\n<div class=\"wp-block-group alignfull has-global-padding is-layout-constrained wp-block-group-is-layout-constrained\">\n<div class=\"wp-block-columns alignfull has-secondary-background-color has-background is-layout-flex wp-container-9 wp-block-columns-is-layout-flex\">\n<div class=\"wp-block-column is-layout-flow wp-block-column-is-layout-flow\" style=\"flex-basis:10%\"><\/div>\n\n\n\n<div class=\"wp-block-column is-layout-flow wp-block-column-is-layout-flow\" style=\"flex-basis:40%\">\n<figure class=\"wp-block-image size-full\"><img decoding=\"async\" loading=\"lazy\" width=\"664\" height=\"374\" src=\"https:\/\/customcanerods.dk\/svensk\/wp-content\/uploads\/sites\/2\/2023\/01\/The_milton_special.jpg\" alt=\"\" class=\"wp-image-465\"\/><\/figure>\n<\/div>\n\n\n\n<div class=\"wp-block-column is-vertically-aligned-center has-base-color has-text-color is-layout-flow wp-block-column-is-layout-flow\">\n<p>Detta sp\u00f6 p\u00e5 7\u00b410\u00b4\u00b4 klass 4 \u00e4r h\u00e5lbyggt.<br>Sp\u00f6et \u00e4r designat av min avlidna v\u00e4n Ken Milton Svendsen, som var min \u201dl\u00e4rom\u00e4ster\u201d i sp\u00f6byggandet.<br>Sp\u00f6et har en prograssiv aktion, och \u00e4r av fast action typen.<br>Detta sp\u00f6 \u00e4r n\u00e4st in till perfekt till torrflugfiske.<\/p>\n<\/div>\n\n\n\n<div class=\"wp-block-column is-layout-flow wp-block-column-is-layout-flow\" style=\"flex-basis:10%\"><\/div>\n<\/div>\n<\/div>\n","protected":false},"excerpt":{"rendered":"<p>Milton Special Detta sp\u00f6 p\u00e5 7\u00b410\u00b4\u00b4 klass 4 \u00e4r h\u00e5lbyggt.Sp\u00f6et \u00e4r designat av min avlidna v\u00e4n Ken Milton Svendsen, som var min \u201dl\u00e4rom\u00e4ster\u201d i sp\u00f6byggandet.Sp\u00f6et har en prograssiv aktion, och \u00e4r av fast action typen.Detta sp\u00f6 \u00e4r n\u00e4st in till perfekt till torrflugfiske.<\/p>\n","protected":false},"author":1,"featured_media":0,"parent":21,"menu_order":5,"comment_status":"closed","ping_status":"closed","template":"","meta":{"footnotes":""},"_links":{"self":[{"href":"https:\/\/customcanerods.dk\/svensk\/wp-json\/wp\/v2\/pages\/39"}],"collection":[{"href":"https:\/\/customcanerods.dk\/svensk\/wp-json\/wp\/v2\/pages"}],"about":[{"href":"https:\/\/customcanerods.dk\/svensk\/wp-json\/wp\/v2\/types\/page"}],"author":[{"embeddable":true,"href":"https:\/\/customcanerods.dk\/svensk\/wp-json\/wp\/v2\/users\/1"}],"replies":[{"embeddable":true,"href":"https:\/\/customcanerods.dk\/svensk\/wp-json\/wp\/v2\/comments?post=39"}],"version-history":[{"count":4,"href":"https:\/\/customcanerods.dk\/svensk\/wp-json\/wp\/v2\/pages\/39\/revisions"}],"predecessor-version":[{"id":564,"href":"https:\/\/customcanerods.dk\/svensk\/wp-json\/wp\/v2\/pages\/39\/revisions\/564"}],"up":[{"embeddable":true,"href":"https:\/\/customcanerods.dk\/svensk\/wp-json\/wp\/v2\/pages\/21"}],"wp:attachment":[{"href":"https:\/\/customcanerods.dk\/svensk\/wp-json\/wp\/v2\/media?parent=39"}],"curies":[{"name":"wp","href":"https:\/\/api.w.org\/{rel}","templated":true}]}}