{"id":37,"date":"2023-01-07T19:33:30","date_gmt":"2023-01-07T19:33:30","guid":{"rendered":"http:\/\/customcanerods.dk\/?page_id=37"},"modified":"2023-01-27T17:24:18","modified_gmt":"2023-01-27T17:24:18","slug":"perfectionist-se","status":"publish","type":"page","link":"https:\/\/customcanerods.dk\/svensk\/cane-se\/perfectionist-se\/","title":{"rendered":"Perfectionist-SE"},"content":{"rendered":"\n<div class=\"wp-block-columns alignfull is-layout-flex wp-container-4 wp-block-columns-is-layout-flex\">\n<div class=\"wp-block-column is-layout-flow wp-block-column-is-layout-flow\"><\/div>\n\n\n\n<div class=\"wp-block-column is-layout-flow wp-block-column-is-layout-flow\">\n<p class=\"has-text-align-center has-secondary-color has-text-color has-x-large-font-size\" style=\"text-decoration:underline\"><strong>Perfectionist<\/strong><\/p>\n<\/div>\n\n\n\n<div class=\"wp-block-column is-layout-flow wp-block-column-is-layout-flow\"><\/div>\n<\/div>\n\n\n\n<div class=\"wp-block-group alignfull has-global-padding is-layout-constrained wp-block-group-is-layout-constrained\">\n<div class=\"wp-block-columns alignfull has-secondary-background-color has-background is-layout-flex wp-container-9 wp-block-columns-is-layout-flex\">\n<div class=\"wp-block-column is-layout-flow wp-block-column-is-layout-flow\" style=\"flex-basis:10%\"><\/div>\n\n\n\n<div class=\"wp-block-column is-layout-flow wp-block-column-is-layout-flow\" style=\"flex-basis:40%\">\n<figure class=\"wp-block-image size-full\"><img decoding=\"async\" loading=\"lazy\" width=\"664\" height=\"374\" src=\"https:\/\/customcanerods.dk\/svensk\/wp-content\/uploads\/sites\/2\/2023\/01\/Perfectionist.jpg\" alt=\"\" class=\"wp-image-472\"\/><\/figure>\n<\/div>\n\n\n\n<div class=\"wp-block-column is-vertically-aligned-center has-base-color has-text-color is-layout-flow wp-block-column-is-layout-flow\">\n<p>\u00c4r Paul H. Youngs absolut mest k\u00e4nda sp\u00f6.<br>\u00c4ven detta sp\u00f6 har en semi parabolsk aktion, som g\u00f6r sp\u00f6et mycket behagligt att kasta med, och det g\u00f6r \u00e4ven sp\u00f6et f\u00f6rl\u00e5tande, om inte timingen sitter helt perfekt.<br>Sp\u00f6et \u00e4r 7\u00b46\u00b4\u00b4 klass 4. Detta \u00e4r det ultimativa sp\u00f6et till de danske \u00e5er.<br>Detta \u00e4r sp\u00f6et som fixar det mesta! V\u00e5tfluga, nymfe och torrfluga.<br>Oberoende om det \u00e4r p\u00e5 l\u00e5ngt eller kort h\u00e5l, vill du kunna presenterar flugan pr\u00e4cist, l\u00e4tt och elegant.<\/p>\n\n\n\n<p>Eftersom jag sj\u00e4lv \u00e4r \u00e4ger av ett orginalt Paul H. Young Perfectionist, har jag kunna m\u00e4ta originalen i detalj, och d\u00e4refter kopierat den.<br>P\u00e5 detta s\u00e4ttet har jag kunnat j\u00e4mnf\u00f6ra de olika sp\u00f6na under m\u00e5nga olika f\u00f6rh\u00e5llande, vilket g\u00f6r att jag i dag kan s\u00e4ga att jag har tr\u00e4ffat r\u00e4tt!<\/p>\n<\/div>\n\n\n\n<div class=\"wp-block-column is-layout-flow wp-block-column-is-layout-flow\" style=\"flex-basis:10%\"><\/div>\n<\/div>\n<\/div>\n","protected":false},"excerpt":{"rendered":"<p>Perfectionist \u00c4r Paul H. Youngs absolut mest k\u00e4nda sp\u00f6.\u00c4ven detta sp\u00f6 har en semi parabolsk aktion, som g\u00f6r sp\u00f6et mycket behagligt att kasta med, och det g\u00f6r \u00e4ven sp\u00f6et f\u00f6rl\u00e5tande, om inte timingen sitter helt perfekt.Sp\u00f6et \u00e4r 7\u00b46\u00b4\u00b4 klass 4. Detta \u00e4r det ultimativa sp\u00f6et till de danske \u00e5er.Detta \u00e4r sp\u00f6et som fixar det mesta! [&hellip;]<\/p>\n","protected":false},"author":1,"featured_media":0,"parent":21,"menu_order":4,"comment_status":"closed","ping_status":"closed","template":"","meta":{"footnotes":""},"_links":{"self":[{"href":"https:\/\/customcanerods.dk\/svensk\/wp-json\/wp\/v2\/pages\/37"}],"collection":[{"href":"https:\/\/customcanerods.dk\/svensk\/wp-json\/wp\/v2\/pages"}],"about":[{"href":"https:\/\/customcanerods.dk\/svensk\/wp-json\/wp\/v2\/types\/page"}],"author":[{"embeddable":true,"href":"https:\/\/customcanerods.dk\/svensk\/wp-json\/wp\/v2\/users\/1"}],"replies":[{"embeddable":true,"href":"https:\/\/customcanerods.dk\/svensk\/wp-json\/wp\/v2\/comments?post=37"}],"version-history":[{"count":4,"href":"https:\/\/customcanerods.dk\/svensk\/wp-json\/wp\/v2\/pages\/37\/revisions"}],"predecessor-version":[{"id":563,"href":"https:\/\/customcanerods.dk\/svensk\/wp-json\/wp\/v2\/pages\/37\/revisions\/563"}],"up":[{"embeddable":true,"href":"https:\/\/customcanerods.dk\/svensk\/wp-json\/wp\/v2\/pages\/21"}],"wp:attachment":[{"href":"https:\/\/customcanerods.dk\/svensk\/wp-json\/wp\/v2\/media?parent=37"}],"curies":[{"name":"wp","href":"https:\/\/api.w.org\/{rel}","templated":true}]}}